{"id":14,"date":"2020-05-14T19:13:41","date_gmt":"2020-05-14T19:13:41","guid":{"rendered":"http:\/\/schrijnwerkerij.galia.be\/?page_id=14"},"modified":"2020-07-17T10:39:26","modified_gmt":"2020-07-17T10:39:26","slug":"arrangementen","status":"publish","type":"page","link":"https:\/\/parkhotelgent.be\/es\/arrangementen\/","title":{"rendered":"Preparativos"},"content":{"rendered":"<div data-elementor-type=\"wp-page\" data-elementor-id=\"14\" class=\"elementor elementor-14\" data-elementor-post-type=\"page\">\n\t\t\t\t\t\t<section class=\"elementor-section elementor-top-section elementor-element elementor-element-41e3657 elementor-section-full_width elementor-section-height-default elementor-section-height-default\" data-id=\"41e3657\" data-element_type=\"section\">\n\t\t\t\t\t\t<div class=\"elementor-container elementor-column-gap-no\">\n\t\t\t\t\t<div class=\"elementor-column elementor-col-100 elementor-top-column elementor-element elementor-element-7de4e02\" data-id=\"7de4e02\" data-element_type=\"column\">\n\t\t\t<div class=\"elementor-widget-wrap elementor-element-populated\">\n\t\t\t\t\t\t<div class=\"elementor-element elementor-element-072181c elementor--h-position-center elementor--v-position-middle elementor-widget elementor-widget-slides\" data-id=\"072181c\" data-element_type=\"widget\" data-settings=\"{&quot;navigation&quot;:&quot;none&quot;,&quot;transition&quot;:&quot;fade&quot;,&quot;transition_speed&quot;:500}\" data-widget_type=\"slides.default\">\n\t\t\t\t<div class=\"elementor-widget-container\">\n\t\t\t\t\t\t\t\t\t<div class=\"elementor-swiper\">\n\t\t\t\t\t<div class=\"elementor-slides-wrapper elementor-main-swiper swiper\" role=\"region\" aria-roledescription=\"carousel\" aria-label=\"Slider\" dir=\"ltr\" data-animation=\"\" data-no-translation-aria-label=\"\">\n\t\t\t\t<div class=\"swiper-wrapper elementor-slides\">\n\t\t\t\t\t\t\t\t\t\t<div class=\"elementor-repeater-item-9a7e4a5 swiper-slide\" role=\"group\" aria-roledescription=\"slide\"><div class=\"swiper-slide-bg\" role=\"img\" aria-label=\"AdobeStock_178255351 (2)\"><\/div><div class=\"elementor-background-overlay\"><\/div><div class=\"swiper-slide-inner\" ><div class=\"swiper-slide-contents\"><div class=\"elementor-slide-heading\">Preparativos<\/div><div class=\"elementor-slide-description\">Lorem ipsum<\/div><\/div><\/div><\/div>\t\t\t\t<\/div>\n\t\t\t\t\t\t\t<\/div>\n\t\t\t\t<\/div>\n\t\t\t\t\t\t\t\t<\/div>\n\t\t\t\t<\/div>\n\t\t\t\t\t<\/div>\n\t\t<\/div>\n\t\t\t\t\t<\/div>\n\t\t<\/section>\n\t\t\t\t<section class=\"elementor-section elementor-top-section elementor-element elementor-element-5c3a935 elementor-section-boxed elementor-section-height-default elementor-section-height-default\" data-id=\"5c3a935\" data-element_type=\"section\" data-settings=\"{&quot;background_background&quot;:&quot;classic&quot;}\">\n\t\t\t\t\t\t<div class=\"elementor-container elementor-column-gap-default\">\n\t\t\t\t\t<div class=\"elementor-column elementor-col-100 elementor-top-column elementor-element elementor-element-1c72dc6\" data-id=\"1c72dc6\" data-element_type=\"column\">\n\t\t\t<div class=\"elementor-widget-wrap elementor-element-populated\">\n\t\t\t\t\t\t<div class=\"elementor-element elementor-element-5912703 elementor-grid-1 elementor-grid-tablet-2 elementor-grid-mobile-1 elementor-posts--thumbnail-top elementor-card-shadow-yes elementor-posts__hover-gradient elementor-widget elementor-widget-posts\" data-id=\"5912703\" data-element_type=\"widget\" data-settings=\"{&quot;cards_columns&quot;:&quot;1&quot;,&quot;cards_columns_tablet&quot;:&quot;2&quot;,&quot;cards_columns_mobile&quot;:&quot;1&quot;,&quot;cards_row_gap&quot;:{&quot;unit&quot;:&quot;px&quot;,&quot;size&quot;:35,&quot;sizes&quot;:[]},&quot;cards_row_gap_tablet&quot;:{&quot;unit&quot;:&quot;px&quot;,&quot;size&quot;:&quot;&quot;,&quot;sizes&quot;:[]},&quot;cards_row_gap_mobile&quot;:{&quot;unit&quot;:&quot;px&quot;,&quot;size&quot;:&quot;&quot;,&quot;sizes&quot;:[]}}\" data-widget_type=\"posts.cards\">\n\t\t\t\t<div class=\"elementor-widget-container\">\n\t\t\t\t\t\t\t<div class=\"elementor-posts-container elementor-posts elementor-posts--skin-cards elementor-grid\" role=\"list\">\n\t\t\t\t<article class=\"elementor-post elementor-grid-item post-1167 post type-post status-publish format-standard has-post-thumbnail hentry category-arrangementen\" role=\"listitem\">\n\t\t\t<div class=\"elementor-post__card\">\n\t\t\t\t<a class=\"elementor-post__thumbnail__link\" href=\"https:\/\/parkhotelgent.be\/es\/arrangementen\/gent-4-daags-arrangement\/\" tabindex=\"-1\" ><div class=\"elementor-post__thumbnail\"><img decoding=\"async\" width=\"300\" height=\"147\" src=\"https:\/\/parkhotelgent.be\/wp-content\/uploads\/2020\/07\/gent-local-300x147.jpg\" class=\"attachment-medium size-medium wp-image-1168\" alt=\"\" srcset=\"https:\/\/parkhotelgent.be\/wp-content\/uploads\/2020\/07\/gent-local-300x147.jpg 300w, https:\/\/parkhotelgent.be\/wp-content\/uploads\/2020\/07\/gent-local-768x377.jpg 768w, https:\/\/parkhotelgent.be\/wp-content\/uploads\/2020\/07\/gent-local.jpg 794w\" sizes=\"(max-width: 300px) 100vw, 300px\" \/><\/div><\/a>\n\t\t\t\t<div class=\"elementor-post__text\">\n\t\t\t\t<h3 class=\"elementor-post__title\">\n\t\t\t<a href=\"https:\/\/parkhotelgent.be\/es\/arrangementen\/gent-4-daags-arrangement\/\" >\n\t\t\t\tPaquete Gante de 4 d\u00edas desde 450\u20ac\t\t\t<\/a>\n\t\t<\/h3>\n\t\t\t\t<div class=\"elementor-post__excerpt\">\n\t\t\t<p>Empiece bien su estancia en Gante. Haga su estancia en Gante completamente a su gusto. Con el paquete de 4 d\u00edas, Gante es simple y claro<\/p>\n\t\t<\/div>\n\t\t\n\t\t<a class=\"elementor-post__read-more\" href=\"https:\/\/parkhotelgent.be\/es\/arrangementen\/gent-4-daags-arrangement\/\" aria-label=\"M\u00e1s informaci\u00f3n sobre el paquete de 4 d\u00edas en Gante desde 450 \u20ac\" tabindex=\"-1\" >\n\t\t\tLee mas &quot;\t\t<\/a>\n\n\t\t\t\t<\/div>\n\t\t\t\t\t<\/div>\n\t\t<\/article>\n\t\t\t\t<article class=\"elementor-post elementor-grid-item post-1153 post type-post status-publish format-standard has-post-thumbnail hentry category-arrangementen\" role=\"listitem\">\n\t\t\t<div class=\"elementor-post__card\">\n\t\t\t\t<a class=\"elementor-post__thumbnail__link\" href=\"https:\/\/parkhotelgent.be\/es\/arrangementen\/gent-cultuurarrangement-e189\/\" tabindex=\"-1\" ><div class=\"elementor-post__thumbnail\"><img fetchpriority=\"high\" decoding=\"async\" width=\"300\" height=\"225\" src=\"https:\/\/parkhotelgent.be\/wp-content\/uploads\/2020\/07\/incredible-views-300x225.jpg\" class=\"attachment-medium size-medium wp-image-1162\" alt=\"\" srcset=\"https:\/\/parkhotelgent.be\/wp-content\/uploads\/2020\/07\/incredible-views-300x225.jpg 300w, https:\/\/parkhotelgent.be\/wp-content\/uploads\/2020\/07\/incredible-views.jpg 550w\" sizes=\"(max-width: 300px) 100vw, 300px\" \/><\/div><\/a>\n\t\t\t\t<div class=\"elementor-post__text\">\n\t\t\t\t<h3 class=\"elementor-post__title\">\n\t\t\t<a href=\"https:\/\/parkhotelgent.be\/es\/arrangementen\/gent-cultuurarrangement-e189\/\" >\n\t\t\t\tPaquete cultural Gante desde 249\u20ac\t\t\t<\/a>\n\t\t<\/h3>\n\t\t\t\t<div class=\"elementor-post__excerpt\">\n\t\t\t<p>2 d\u00edas en Gante. \u00danico en Europa, sin palabras vac\u00edas. Experimente, pruebe y sienta la vivacidad de Gante, sorprendentemente asequible. En el paquete de cultura tienes acceso a<\/p>\n\t\t<\/div>\n\t\t\n\t\t<a class=\"elementor-post__read-more\" href=\"https:\/\/parkhotelgent.be\/es\/arrangementen\/gent-cultuurarrangement-e189\/\" aria-label=\"M\u00e1s informaci\u00f3n sobre el paquete cultural de Gante desde 249 \u20ac\" tabindex=\"-1\" >\n\t\t\tLee mas &quot;\t\t<\/a>\n\n\t\t\t\t<\/div>\n\t\t\t\t\t<\/div>\n\t\t<\/article>\n\t\t\t\t<article class=\"elementor-post elementor-grid-item post-1110 post type-post status-publish format-standard has-post-thumbnail hentry category-arrangementen category-homepagina\" role=\"listitem\">\n\t\t\t<div class=\"elementor-post__card\">\n\t\t\t\t<a class=\"elementor-post__thumbnail__link\" href=\"https:\/\/parkhotelgent.be\/es\/arrangementen\/winterfeesten-arrangement-129e\/\" tabindex=\"-1\" ><div class=\"elementor-post__thumbnail\"><img decoding=\"async\" width=\"300\" height=\"200\" src=\"https:\/\/parkhotelgent.be\/wp-content\/uploads\/2020\/07\/reuzenrad-300x200.jpg\" class=\"attachment-medium size-medium wp-image-1111\" alt=\"\" srcset=\"https:\/\/parkhotelgent.be\/wp-content\/uploads\/2020\/07\/reuzenrad-300x200.jpg 300w, https:\/\/parkhotelgent.be\/wp-content\/uploads\/2020\/07\/reuzenrad-1024x683.jpg 1024w, https:\/\/parkhotelgent.be\/wp-content\/uploads\/2020\/07\/reuzenrad-768x512.jpg 768w, https:\/\/parkhotelgent.be\/wp-content\/uploads\/2020\/07\/reuzenrad-1536x1024.jpg 1536w, https:\/\/parkhotelgent.be\/wp-content\/uploads\/2020\/07\/reuzenrad.jpg 1620w\" sizes=\"(max-width: 300px) 100vw, 300px\" \/><\/div><\/a>\n\t\t\t\t<div class=\"elementor-post__text\">\n\t\t\t\t<h3 class=\"elementor-post__title\">\n\t\t\t<a href=\"https:\/\/parkhotelgent.be\/es\/arrangementen\/winterfeesten-arrangement-129e\/\" >\n\t\t\t\tPaquete fiestas de invierno del 8 de diciembre de 2023 al 22 de diciembre de 2023 desde 149\u20ac\t\t\t<\/a>\n\t\t<\/h3>\n\t\t\t\t<div class=\"elementor-post__excerpt\">\n\t\t\t<p>\u00bfLas fiestas de invierno son solo para adultos? \u00a1Nada es menos cierto! Las Fiestas de Invierno de Gante ofrecen numerosas actividades para todos y entretenimiento para los m\u00e1s peque\u00f1os. Flotar a lo largo<\/p>\n\t\t<\/div>\n\t\t\n\t\t<a class=\"elementor-post__read-more\" href=\"https:\/\/parkhotelgent.be\/es\/arrangementen\/winterfeesten-arrangement-129e\/\" aria-label=\"M\u00e1s informaci\u00f3n sobre Fiestas de invierno del 8 de diciembre de 2023 al 22 de diciembre de 2023 paquete desde 149 \u20ac\" tabindex=\"-1\" >\n\t\t\tLee mas &quot;\t\t<\/a>\n\n\t\t\t\t<\/div>\n\t\t\t\t\t<\/div>\n\t\t<\/article>\n\t\t\t\t<article class=\"elementor-post elementor-grid-item post-1119 post type-post status-publish format-standard has-post-thumbnail hentry category-arrangementen\" role=\"listitem\">\n\t\t\t<div class=\"elementor-post__card\">\n\t\t\t\t<a class=\"elementor-post__thumbnail__link\" href=\"https:\/\/parkhotelgent.be\/es\/arrangementen\/paasarrangement-189e\/\" tabindex=\"-1\" ><div class=\"elementor-post__thumbnail\"><img loading=\"lazy\" decoding=\"async\" width=\"300\" height=\"178\" src=\"https:\/\/parkhotelgent.be\/wp-content\/uploads\/2020\/07\/2014-04-16-vrolijk-pasen-300x178.png\" class=\"attachment-medium size-medium wp-image-1121\" alt=\"\" srcset=\"https:\/\/parkhotelgent.be\/wp-content\/uploads\/2020\/07\/2014-04-16-vrolijk-pasen-300x178.png 300w, https:\/\/parkhotelgent.be\/wp-content\/uploads\/2020\/07\/2014-04-16-vrolijk-pasen.png 470w\" sizes=\"(max-width: 300px) 100vw, 300px\" \/><\/div><\/a>\n\t\t\t\t<div class=\"elementor-post__text\">\n\t\t\t\t<h3 class=\"elementor-post__title\">\n\t\t\t<a href=\"https:\/\/parkhotelgent.be\/es\/arrangementen\/paasarrangement-189e\/\" >\n\t\t\t\tPaquete Semana Santa desde 129\u20ac\t\t\t<\/a>\n\t\t<\/h3>\n\t\t\t\t<div class=\"elementor-post__excerpt\">\n\t\t\t<p>Esta oferta es v\u00e1lida para todas las reservas realizadas en el periodo del 31 de marzo de 2024 al 15 de abril de 2024. Te alojar\u00e1s en una habitaci\u00f3n est\u00e1ndar con<\/p>\n\t\t<\/div>\n\t\t\n\t\t<a class=\"elementor-post__read-more\" href=\"https:\/\/parkhotelgent.be\/es\/arrangementen\/paasarrangement-189e\/\" aria-label=\"M\u00e1s informaci\u00f3n sobre el paquete de Semana Santa desde 129\u20ac\" tabindex=\"-1\" >\n\t\t\tLee mas &quot;\t\t<\/a>\n\n\t\t\t\t<\/div>\n\t\t\t\t\t<\/div>\n\t\t<\/article>\n\t\t\t\t<\/div>\n\t\t\n\t\t\t\t\t\t<\/div>\n\t\t\t\t<\/div>\n\t\t\t\t\t<\/div>\n\t\t<\/div>\n\t\t\t\t\t<\/div>\n\t\t<\/section>\n\t\t\t\t<\/div>","protected":false},"excerpt":{"rendered":"<p>PaquetesLorem ipsum<\/p>","protected":false},"author":1,"featured_media":85,"parent":0,"menu_order":17,"comment_status":"closed","ping_status":"closed","template":"","meta":{"footnotes":""},"class_list":["post-14","page","type-page","status-publish","has-post-thumbnail","hentry"],"_links":{"self":[{"href":"https:\/\/parkhotelgent.be\/es\/wp-json\/wp\/v2\/pages\/14","targetHints":{"allow":["GET"]}}],"collection":[{"href":"https:\/\/parkhotelgent.be\/es\/wp-json\/wp\/v2\/pages"}],"about":[{"href":"https:\/\/parkhotelgent.be\/es\/wp-json\/wp\/v2\/types\/page"}],"author":[{"embeddable":true,"href":"https:\/\/parkhotelgent.be\/es\/wp-json\/wp\/v2\/users\/1"}],"replies":[{"embeddable":true,"href":"https:\/\/parkhotelgent.be\/es\/wp-json\/wp\/v2\/comments?post=14"}],"version-history":[{"count":0,"href":"https:\/\/parkhotelgent.be\/es\/wp-json\/wp\/v2\/pages\/14\/revisions"}],"wp:featuredmedia":[{"embeddable":true,"href":"https:\/\/parkhotelgent.be\/es\/wp-json\/wp\/v2\/media\/85"}],"wp:attachment":[{"href":"https:\/\/parkhotelgent.be\/es\/wp-json\/wp\/v2\/media?parent=14"}],"curies":[{"name":"gracias","href":"https:\/\/api.w.org\/{rel}","templated":true}]}}

<div data-elementor-type="wp-page" data-elementor-id="14" class="elementor elementor-14" data-elementor-post-type="page">
						<section class="elementor-section elementor-top-section elementor-element elementor-element-41e3657 elementor-section-full_width elementor-section-height-default elementor-section-height-default" data-id="41e3657" data-element_type="section">
						<div class="elementor-container elementor-column-gap-no">
					<div class="elementor-column elementor-col-100 elementor-top-column elementor-element elementor-element-7de4e02" data-id="7de4e02" data-element_type="column">
			<div class="elementor-widget-wrap elementor-element-populated">
						<div class="elementor-element elementor-element-072181c elementor--h-position-center elementor--v-position-middle elementor-widget elementor-widget-slides" data-id="072181c" data-element_type="widget" data-settings="{&quot;navigation&quot;:&quot;none&quot;,&quot;transition&quot;:&quot;fade&quot;,&quot;transition_speed&quot;:500}" data-widget_type="slides.default">
				<div class="elementor-widget-container">
									<div class="elementor-swiper">
					<div class="elementor-slides-wrapper elementor-main-swiper swiper" role="region" aria-roledescription="carousel" aria-label="Slider" dir="ltr" data-animation="" data-no-translation-aria-label="">
				<div class="swiper-wrapper elementor-slides">
										<div class="elementor-repeater-item-9a7e4a5 swiper-slide" role="group" aria-roledescription="slide"><div class="swiper-slide-bg" role="img" aria-label="AdobeStock_178255351 (2)"></div><div class="elementor-background-overlay"></div><div class="swiper-slide-inner" ><div class="swiper-slide-contents"><div class="elementor-slide-heading">Preparativos</div><div class="elementor-slide-description">Lorem ipsum</div></div></div></div>				</div>
							</div>
				</div>
								</div>
				</div>
					</div>
		</div>
					</div>
		</section>
				<section class="elementor-section elementor-top-section elementor-element elementor-element-5c3a935 elementor-section-boxed elementor-section-height-default elementor-section-height-default" data-id="5c3a935" data-element_type="section" data-settings="{&quot;background_background&quot;:&quot;classic&quot;}">
						<div class="elementor-container elementor-column-gap-default">
					<div class="elementor-column elementor-col-100 elementor-top-column elementor-element elementor-element-1c72dc6" data-id="1c72dc6" data-element_type="column">
			<div class="elementor-widget-wrap elementor-element-populated">
						<div class="elementor-element elementor-element-5912703 elementor-grid-1 elementor-grid-tablet-2 elementor-grid-mobile-1 elementor-posts--thumbnail-top elementor-card-shadow-yes elementor-posts__hover-gradient elementor-widget elementor-widget-posts" data-id="5912703" data-element_type="widget" data-settings="{&quot;cards_columns&quot;:&quot;1&quot;,&quot;cards_columns_tablet&quot;:&quot;2&quot;,&quot;cards_columns_mobile&quot;:&quot;1&quot;,&quot;cards_row_gap&quot;:{&quot;unit&quot;:&quot;px&quot;,&quot;size&quot;:35,&quot;sizes&quot;:[]},&quot;cards_row_gap_tablet&quot;:{&quot;unit&quot;:&quot;px&quot;,&quot;size&quot;:&quot;&quot;,&quot;sizes&quot;:[]},&quot;cards_row_gap_mobile&quot;:{&quot;unit&quot;:&quot;px&quot;,&quot;size&quot;:&quot;&quot;,&quot;sizes&quot;:[]}}" data-widget_type="posts.cards">
				<div class="elementor-widget-container">
							<div class="elementor-posts-container elementor-posts elementor-posts--skin-cards elementor-grid" role="list">
				<article class="elementor-post elementor-grid-item post-1167 post type-post status-publish format-standard has-post-thumbnail hentry category-arrangementen" role="listitem">
			<div class="elementor-post__card">
				<a class="elementor-post__thumbnail__link" href="https://parkhotelgent.be/es/arrangementen/gent-4-daags-arrangement/" tabindex="-1" ><div class="elementor-post__thumbnail"><img decoding="async" width="300" height="147" src="https://parkhotelgent.be/wp-content/uploads/2020/07/gent-local-300x147.jpg" class="attachment-medium size-medium wp-image-1168" alt="" srcset="https://parkhotelgent.be/wp-content/uploads/2020/07/gent-local-300x147.jpg 300w, https://parkhotelgent.be/wp-content/uploads/2020/07/gent-local-768x377.jpg 768w, https://parkhotelgent.be/wp-content/uploads/2020/07/gent-local.jpg 794w" sizes="(max-width: 300px) 100vw, 300px" /></div></a>
				<div class="elementor-post__text">
				<h3 class="elementor-post__title">
			<a href="https://parkhotelgent.be/es/arrangementen/gent-4-daags-arrangement/" >
				Paquete Gante de 4 días desde 450€			</a>
		</h3>
				<div class="elementor-post__excerpt">
			<p>Empiece bien su estancia en Gante. Haga su estancia en Gante completamente a su gusto. Con el paquete de 4 días, Gante es simple y claro</p>
		</div>
		
		<a class="elementor-post__read-more" href="https://parkhotelgent.be/es/arrangementen/gent-4-daags-arrangement/" aria-label="Más información sobre el paquete de 4 días en Gante desde 450 €" tabindex="-1" >
			Lee mas &quot;		</a>

				</div>
					</div>
		</article>
				<article class="elementor-post elementor-grid-item post-1153 post type-post status-publish format-standard has-post-thumbnail hentry category-arrangementen" role="listitem">
			<div class="elementor-post__card">
				<a class="elementor-post__thumbnail__link" href="https://parkhotelgent.be/es/arrangementen/gent-cultuurarrangement-e189/" tabindex="-1" ><div class="elementor-post__thumbnail"><img fetchpriority="high" decoding="async" width="300" height="225" src="https://parkhotelgent.be/wp-content/uploads/2020/07/incredible-views-300x225.jpg" class="attachment-medium size-medium wp-image-1162" alt="" srcset="https://parkhotelgent.be/wp-content/uploads/2020/07/incredible-views-300x225.jpg 300w, https://parkhotelgent.be/wp-content/uploads/2020/07/incredible-views.jpg 550w" sizes="(max-width: 300px) 100vw, 300px" /></div></a>
				<div class="elementor-post__text">
				<h3 class="elementor-post__title">
			<a href="https://parkhotelgent.be/es/arrangementen/gent-cultuurarrangement-e189/" >
				Paquete cultural Gante desde 249€			</a>
		</h3>
				<div class="elementor-post__excerpt">
			<p>2 días en Gante. Único en Europa, sin palabras vacías. Experimente, pruebe y sienta la vivacidad de Gante, sorprendentemente asequible. En el paquete de cultura tienes acceso a</p>
		</div>
		
		<a class="elementor-post__read-more" href="https://parkhotelgent.be/es/arrangementen/gent-cultuurarrangement-e189/" aria-label="Más información sobre el paquete cultural de Gante desde 249 €" tabindex="-1" >
			Lee mas &quot;		</a>

				</div>
					</div>
		</article>
				<article class="elementor-post elementor-grid-item post-1110 post type-post status-publish format-standard has-post-thumbnail hentry category-arrangementen category-homepagina" role="listitem">
			<div class="elementor-post__card">
				<a class="elementor-post__thumbnail__link" href="https://parkhotelgent.be/es/arrangementen/winterfeesten-arrangement-129e/" tabindex="-1" ><div class="elementor-post__thumbnail"><img decoding="async" width="300" height="200" src="https://parkhotelgent.be/wp-content/uploads/2020/07/reuzenrad-300x200.jpg" class="attachment-medium size-medium wp-image-1111" alt="" srcset="https://parkhotelgent.be/wp-content/uploads/2020/07/reuzenrad-300x200.jpg 300w, https://parkhotelgent.be/wp-content/uploads/2020/07/reuzenrad-1024x683.jpg 1024w, https://parkhotelgent.be/wp-content/uploads/2020/07/reuzenrad-768x512.jpg 768w, https://parkhotelgent.be/wp-content/uploads/2020/07/reuzenrad-1536x1024.jpg 1536w, https://parkhotelgent.be/wp-content/uploads/2020/07/reuzenrad.jpg 1620w" sizes="(max-width: 300px) 100vw, 300px" /></div></a>
				<div class="elementor-post__text">
				<h3 class="elementor-post__title">
			<a href="https://parkhotelgent.be/es/arrangementen/winterfeesten-arrangement-129e/" >
				Paquete fiestas de invierno del 8 de diciembre de 2023 al 22 de diciembre de 2023 desde 149€			</a>
		</h3>
				<div class="elementor-post__excerpt">
			<p>¿Las fiestas de invierno son solo para adultos? ¡Nada es menos cierto! Las Fiestas de Invierno de Gante ofrecen numerosas actividades para todos y entretenimiento para los más pequeños. Flotar a lo largo</p>
		</div>
		
		<a class="elementor-post__read-more" href="https://parkhotelgent.be/es/arrangementen/winterfeesten-arrangement-129e/" aria-label="Más información sobre Fiestas de invierno del 8 de diciembre de 2023 al 22 de diciembre de 2023 paquete desde 149 €" tabindex="-1" >
			Lee mas &quot;		</a>

				</div>
					</div>
		</article>
				<article class="elementor-post elementor-grid-item post-1119 post type-post status-publish format-standard has-post-thumbnail hentry category-arrangementen" role="listitem">
			<div class="elementor-post__card">
				<a class="elementor-post__thumbnail__link" href="https://parkhotelgent.be/es/arrangementen/paasarrangement-189e/" tabindex="-1" ><div class="elementor-post__thumbnail"><img loading="lazy" decoding="async" width="300" height="178" src="https://parkhotelgent.be/wp-content/uploads/2020/07/2014-04-16-vrolijk-pasen-300x178.png" class="attachment-medium size-medium wp-image-1121" alt="" srcset="https://parkhotelgent.be/wp-content/uploads/2020/07/2014-04-16-vrolijk-pasen-300x178.png 300w, https://parkhotelgent.be/wp-content/uploads/2020/07/2014-04-16-vrolijk-pasen.png 470w" sizes="(max-width: 300px) 100vw, 300px" /></div></a>
				<div class="elementor-post__text">
				<h3 class="elementor-post__title">
			<a href="https://parkhotelgent.be/es/arrangementen/paasarrangement-189e/" >
				Paquete Semana Santa desde 129€			</a>
		</h3>
				<div class="elementor-post__excerpt">
			<p>Esta oferta es válida para todas las reservas realizadas en el periodo del 31 de marzo de 2024 al 15 de abril de 2024. Te alojarás en una habitación estándar con</p>
		</div>
		
		<a class="elementor-post__read-more" href="https://parkhotelgent.be/es/arrangementen/paasarrangement-189e/" aria-label="Más información sobre el paquete de Semana Santa desde 129€" tabindex="-1" >
			Lee mas &quot;		</a>

				</div>
					</div>
		</article>
				</div>
		
						</div>
				</div>
					</div>
		</div>
					</div>
		</section>
				</div>
